tors of a?
3, 13
Let c(f) = -5*f**3 - 2*f**2 - 2*f - 1. Let m be c(-1). Let n be m/20 + 76/(-5). Let g = 12 - n. List the prime factors of g.
3
Suppose 14*c - 2130 = 26. List the prime factors of c.
2, 7, 11
Suppose -4*r + 160 = 4*w, -3*r - 198 = -5*w - 7*r. Let g = w - 26. What are the prime factors of g?
2, 3
Let v(r) = -r + 2*r + 0*r - r**3 + 6*r**2 - 3. List the prime factors of v(5).
3
Let s(n) = 4*n**3 - 6*n**2 + 9*n - 5. List the prime factors of s(3).
2, 19
Let f(s) = -10*s + 10. Let a(m) = -11*m + 10. Let d(n) = 6*a(n) - 7*f(n). Let q be d(7). Let g = q - -6. What are the prime factors of g?
2, 3
Suppose 2*t + 2*t = 32. Let s = t + 5. Let b = 20 - s. List the prime factors of b.
7
Suppose -70*a + 83*a = 11141. List the prime factors of a.
857
Let c = 10 + -16. List the prime factors of c/21 + (-531)/(-21).
5
Suppose -2*r - 96 = -6*r. Let x(z) = 8*z - r*z + 9*z - 1. What are the prime factors of x(-4)?
3
Suppose -d = -11 + 6. Suppose -3*s + 4*s + 5*r = 142, -d*s + 798 = 3*r. What are the prime factors of ((-3)/(-9))/(2/s)?
3
Suppose 4 = -5*s - 1. List the prime factors of -79*(3 + -3 + s).
79
Suppose 7*o - 3*o - 12 = 0. Let h(c) = -4 - c + 11*c**2 + 8*c**3 - 7*c**3 + 0*c**o. What are the prime factors of h(-11)?
7
Suppose 4 = -2*h - 5*m + 20, 0 = -5*m + 10. Let f = 15 - h. What are the prime factors of 39 - 3*4/f?
2, 19
Let p = -1547 + 3314. List the prime factors of p.
3, 19, 31
Let d = 66 + -62. Suppose d*t - 112 - 384 = 0. List the prime factors of t.
2, 31
Suppose 5*q = 3*g + 32, 4*q - 4*g = 17 + 15. Suppose d + q*d = 475. List the prime factors of d.
5, 19
Suppose 155 = 4*k + c - 187, 2*c = -k + 89. Suppose k = 2*a + 3*q, -2*a + 6*a - 174 = -2*q. What are the prime factors of a?
2, 11
Let o(i) = 30*i**2 + 1 - 13*i**2 + i + 8*i**2 + 14*i**2 + 11*i**2. Let g = 0 - 1. List the prime factors of o(g).
2, 5
What are the prime factors of ((-816)/104 - -8) + 59928/13?
2, 5, 461
Let d be ((-2)/(-6)*0)/(-2). Let x be (d - 36/4)*1. Let z = x - -11. What are the prime factors of z?
2
Let v = 12 - 4. Let x = -5 + v. Suppose 10 = i - x. What are the prime factors of i?
13
Let x(z) = 66*z - 8. What are the prime factors of x(1)?
2, 29
Suppose -2*q + 126 = -2*i, -4*q + 0*q + 244 = 4*i. Suppose 2*m + 2*p - 46 = m, 2*p + q = m. What are the prime factors of m?
2, 3
Suppose 8*u - 16*u = -168. Suppose 4*r = -0*r - 5*i + 34, 3*i = 3*r - 12. What are the prime factors of u + r + (-1 - -4)?
2, 3, 5
Let u(l) = 3*l**2 + 43*l + 154. What are the prime factors of u(30)?
2, 7, 37
Let s be (3/6)/(-4 - (-1262)/316). Let k = s + 99. What are the prime factors of k?
2, 5
What are the prime factors of ((-1239)/(-4))/(81/216)?
2, 7, 59
Suppose 0 = 3*n - 9, -2*w + 3*n + 4 = 7*n. Let q be w/(-10) - 23/(-5). Suppose -q*r + 4*r = -16. What are the prime factors of r?
2
Suppose 31*z - 4302 = 25*z. List the prime factors of z.
3, 239
Let c = 546 - 361. Suppose -5*n = -4*q - 709, -2*n - 2*q + 113 = -c. List the prime factors of n.
5, 29
Let t(f) = -55*f**3 + 1. Let i be t(1). Let x = i + 58. List the prime factors of x.
2
Suppose -22 + 7 = -5*w. List the prime factors of ((-10)/w)/(1/(-6)).
2, 5
Let s(z) = -4 - 14 + 108*z - 191*z + 41*z. List the prime factors of s(-2).
2, 3, 11
Let z(m) = m**2 - 4*m - 10. Let k be z(6). Let x(a) = a**2 + 2*a - 4. Let j be x(k). What are the prime factors of ((-18)/(-27))/(j/30)?
5
Let a be 1/(-2) + 97/(-2). List the prime factors of (a/2)/((-3)/18).
3, 7
Suppose -3*f + 176 - 62 = -2*j, -92 = -2*f - 4*j. Suppose -o - f = -99. List the prime factors of o.
59
Let q = -522 + 2483. What are the prime factors of q?
37, 53
Let h = -17 - -22. List the prime factors of 42 - h*5/25.
41
What are the prime factors of 80/6*(3 - (-45)/6)?
2, 5, 7
Suppose 38*o - 21363 = -6809. List the prime factors of o.
383
Let m(x) = x**3 - 10*x**2 + 12*x - 7. Let y(h) = -h**3 + 6*h**2 - 7*h + 6. Let n be y(4). What are the prime factors of m(n)?
113
What are the prime factors of 10538/7 + 1111/(-77) + 15?
2, 3, 251
Let q(y) = -y**3 + 2*y + 51. Let j = 6 - 6. What are the prime factors of q(j)?
3, 17
Suppose -7*t + 1896 + 190 = 0. What are the prime factors of t?
2, 149
Suppose 0 = o + o + 4. Let u be o + 1 + (2 - -1). Suppose -15 = -3*m - 3*w, 4*m + u*w - 20 = 3*w. List the prime factors of m.
5
Let a(i) = 1 - 5*i + 3*i + 1 + i**2. Let z be ((-2)/(-3))/(2*(-4)/36). List the prime factors of a(z).
17
Suppose -5*g = -4 - 16, -2*g = -x - 12. What are the prime factors of -2 - (x - -3) - -91?
2, 3, 5
Let x = 10 + -7. Let b(i) = -2*i + 19. Let w be b(8). Suppose w*t = -2*q - x*q + 12, -13 = -5*q - 2*t. List the prime factors of q.
3
Let f = 80 + -14. Suppose -f = -h + 23. What are the prime factors of h?
89
Let l(a) be the first derivative of a**2 + 7*a - 11. Let b be l(-5). List the prime factors of 4 - (-24 + b/(-1)).
5
Let b(a) = a**3 - 3*a**2 + 2. Let j be b(3). Suppose -w - 5 = -3*y, -j*w - 1 = -3*y + 6. List the prime factors of 34/(-8)*(w - 2).
17
List the prime factors of (-3 - 3997/(-21))*3.
2, 281
Suppose 5*t + 16 = 1. Let j = t + 6. Suppose 2*l = j*s - 67, -4*s = l - 0*l - 93. List the prime factors of s.
23
Let x(l) = -l**3 + 4*l**2 - 2*l - 1. Let n be x(3). Suppose -n*g + q = -3*q - 260, 3*g + 4*q - 380 = 0. What are the prime factors of g?
2
Suppose 2229 - 291 = 6*n. Suppose -v + 3*i = -2*v + 113, -n = -3*v - i. List the prime factors of v.
107
Suppose -3*k - 86 = 121. Let t = k + 139. List the prime factors of t.
2, 5, 7
Let q be (-2)/((-4)/(-66)*-3). Let h(y) = -y**3 + 10*y**2 + 12*y - 8. Let c be h(q). Suppose -72 = -t - c*t. What are the prime factors of t?
2, 3
Suppose 4*b - 6 = 2*z + 8, 2*b = -3*z + 11. Suppose -17 = -5*t + 28. Suppose t = -b*c + 49. List the prime factors of c.
2, 5
Let c = 153 - -39. What are the prime factors of c?
2, 3
List the prime factors of (4/3 + -1)/(250/1257000).
2, 419
Let v = -2 - -3. Suppose -u - v = -5. Suppose -5*m + 0*m = -3*d - 14, u*d = m + 4. List the prime factors of m.
2
Suppose 3*h = 5*a + 2446, 816 = -8*h + 9*h - a. List the prime factors of h.
19, 43
Suppose 3*r - m - 5 = 3, 15 = -5*r - 4*m. List the prime factors of ((38 - -1)*1)/r.
3, 13
Suppose 2090 = 2*c - 2*y, 0 = 11*c - 16*c + 4*y + 5224. What are the prime factors of c?
2, 3, 29
Suppose 3*f = -4*v + 2937, -v + 5*v + 4*f - 2932 = 0. What are the prime factors of v?
2, 3, 41
Let n = -280 + 779. What are the prime factors of n?
499
Let s be 2/(-6) - 3/(-9). Suppose -4*g + 19 = -i, s = 3*g - 10 - 5. List the prime factors of i/(4/(-72)*-2).
3
Let f(t) = 106*t**2 + 7*t + 5. What are the prime factors of f(2)?
443
Let l = -1486 + 2186. List the prime factors of l.
2, 5, 7
Let t = 18 + -15. Suppose 2*m + 1 = -t. Let g(d) = -19*d + 1. What are the prime factors of g(m)?
3, 13
Suppose -5*j + 19 = 3*i, 5*j + 2*i = 5*i + 1. Let d be 4/(-32)*j*-20. Suppose -h = -9 - d. What are the prime factors of h?
2, 7
Let z(x) = 3*x + 1. Let t(m) = m + 8. Let a be t(-9). Let r be z(a). List the prime factors of 0/r + (-2 - -5).
3
Let f = -14 + 3078. What are the prime factors of f?
2, 383
What are the prime factors of (-1796)/(-3) + 24/(-36)?
2, 13, 23
Let i be (-2)/((-4)/(-23))*2. Suppose 3*v - 116 = 7*v. Let a = i - v. What are the prime factors of a?
2, 3
Suppose w - 33 - 70 = 0. Let l(b) = -9*b - 3. Let d be l(-7). Let p = w - d. What are the prime factors of p?
43
Suppose -3*h = 2*y - 23, -3*y - 86 = -8*y + 2*h. What are the prime factors of (-1223)/(-8) + 2/y?
3, 17
Let a be 3*3*28/9. Let y be (6/(-4))/((-45)/390). Let r = a - y. What are the prime factors of r?
3, 5
Suppose 2*h = h + 2. Suppose 0 = -2*r - 2*x - 2, h*r + 4*x + 4 = -4. Suppose -o = -4*z + 55, -6*z + 3*z + r*o + 35 = 0. What are the prime factors of z?
3, 5
Suppose -7637 = -4*w + 3639. What are the prime factors of w?
2819
Let m(a) = -77*a. Let d be m(-1). Suppose d = 5*o - 1123. Suppose 3*f + 4*l - 28 = 87, o = 5*f - 3*l. What are the prime factors of f?
3, 5
Let h be 8*(129/(-6) - 2). Let p = -37 - h. List the prime factors of p.
151
Let d(z) = -1 + 2*z + 5*z + 8*z**2 - z**2 + 29*z**2. List the prime factors of d(2).
157
Let p(l) be the second derivative of -7*l**3/3 - 10*l**2 + 8*l. List the prime factors of p(-6).
2
Let s(q) = 18*q - 3. Let b be s(2). Let l = b - 33. Suppose 3*y - 4*u + 0*u - 86